{"id":4468,"date":"2022-11-30T03:07:04","date_gmt":"2022-11-30T03:07:04","guid":{"rendered":"https:\/\/progressivewebsolutions.ca\/?page_id=4468"},"modified":"2022-11-30T03:07:04","modified_gmt":"2022-11-30T03:07:04","slug":"referencement-web-seo","status":"publish","type":"page","link":"https:\/\/progressivewp.solutions\/progressivewebsolutions\/services\/referencement-web-seo\/","title":{"rendered":"R\u00e9f\u00e9rencement Web (SEO)"},"content":{"rendered":"<div class=\"wpb-content-wrapper\"><p>[vc_row gap=&#8221;35&#8243; equal_height=&#8221;yes&#8221; content_placement=&#8221;middle&#8221;][vc_column css_animation=&#8221;fadeInLeft&#8221; width=&#8221;5\/12&#8243; offset=&#8221;vc_hidden-sm vc_hidden-xs&#8221;][vc_single_image image=&#8221;4472&#8243; img_size=&#8221;large&#8221;][\/vc_column][vc_column css_animation=&#8221;fadeInRight&#8221; width=&#8221;7\/12&#8243; offset=&#8221;vc_hidden-sm vc_hidden-xs&#8221;][vc_column_text css=&#8221;.vc_custom_1668236107654{margin-bottom: 30px !important;}&#8221;]<\/p>\n<h1>Agence de r\u00e9f\u00e9rencement Web (SEO) \u00e0 Montr\u00e9al<\/h1>\n<h3><span style=\"color: #29b6f6\">Plus de 10 ans d&#8217;exp\u00e9rience<\/span> dans la g\u00e9n\u00e9ration de trafic via Google pour des entreprises \u00e0 Montr\u00e9al et partout au Canada !<\/h3>\n<p>[\/vc_column_text][vc_column_text css=&#8221;.vc_custom_1668236748984{margin-bottom: 15px !important;}&#8221;]Vous d\u00e9sirez optimiser votre site Web afin de mieux vous positionner sur Google ?<\/p>\n<p>Vous \u00eates au bon endroit!<\/p>\n<p>Le r\u00e9f\u00e9rencement Web (SEO) est une discipline qui sert \u00e0 g\u00e9n\u00e9rer du traffique organique (sans payer d&#8217;annonces) des moteurs de recherches en optimisant votre site tant sur le c\u00f4t\u00e9 technique que le contenu et l&#8217;exp\u00e9rience utilisateur.<\/p>\n<p>L&#8217;optimisation de votre site Web pour un meilleur classement sur les moteurs de recherche est un investissement \u00e0 long terme dans votre entreprise.<\/p>\n<p>Notre \u00e9quipe a plus de 10 ans d&#8217;exp\u00e9rience dans le r\u00e9f\u00e9rencement Web afin de mieux positionner votre site web sur Google et les autres moteurs de recherche, autant pour des entreprises \u00e0 Montr\u00e9al qu\u2019\u00e0 travers le Canada !<\/p>\n<p>Voici quelques raisons pour lesquelles vous devriez choisir Progressive Web Solutions comme partenaire SEO :[\/vc_column_text][vc_row_inner equal_height=&#8221;yes&#8221; content_placement=&#8221;middle&#8221;][vc_column_inner][vc_column_text]<\/p>\n<ul class=\"checklist\">\n<li><i class=\"fa fa-check\" style=\"color: #4caf50\"><\/i> Equipe hautement exp\u00e9riment\u00e9e<\/li>\n<li><i class=\"fa fa-check\" style=\"color: #4caf50\"><\/i> Des r\u00e9sultats prouv\u00e9s et v\u00e9rifiables<\/li>\n<li><i class=\"fa fa-check\" style=\"color: #4caf50\"><\/i> Aucun contrat \u00e0 long terme<\/li>\n<li><i class=\"fa fa-check\" style=\"color: #4caf50\"><\/i> Service \u00e0 la client\u00e8le hors pair<\/li>\n<li><i class=\"fa fa-check\" style=\"color: #4caf50\"><\/i> 5 \u00e9toiles sur Google<\/li>\n<li><i class=\"fa fa-check\" style=\"color: #4caf50\"><\/i> Satisfaction garantie<\/li>\n<\/ul>\n<p>[\/vc_column_text][\/vc_column_inner][\/vc_row_inner][\/vc_column][\/vc_row][vc_row css_animation=&#8221;fadeInUp&#8221;][vc_column][vc_separator el_width=&#8221;70&#8243; css=&#8221;.vc_custom_1666280941081{margin-bottom: 60px !important;}&#8221;][\/vc_column][\/vc_row][vc_row gap=&#8221;35&#8243; equal_height=&#8221;yes&#8221; content_placement=&#8221;middle&#8221; css=&#8221;.vc_custom_1667186217082{margin-bottom: 60px !important;}&#8221;][vc_column css_animation=&#8221;fadeInUp&#8221; width=&#8221;1\/2&#8243; offset=&#8221;vc_hidden-sm vc_hidden-xs&#8221;][vc_column_text]<\/p>\n<h2>G\u00e9n\u00e9rez du trafic vers votre site Web, sans avoir \u00e0 tout le temps \u00e0 payer pour chaque clic !<\/h2>\n<p>Avec les autres formes de marketing num\u00e9rique tel que le marketing sur les moteurs de recherches, et le marketing sur les r\u00e9seaux sociaux, vous pouvez les d\u00e9marrer et les arr\u00eater \u00e0 votre gr\u00e9. Parcontre, le traffic que ces sources vous donnent cesse la seconde que vous arr\u00eatez vous arr\u00eater de payer aussi.<\/p>\n<p>Avec le r\u00e9f\u00e9rencement, aussi appel\u00e9 SEO, ou traffic organique, il n&#8217;y aucun co\u00fbt par clique ou par impression.<\/p>\n<p>En vous assurant de bien positioner votre site web et votre contenu, et l&#8217;optimiser pour le positionnement sur les moteurs de recherche, vous vous assurez une source de traffique durable et \u00e0 long terme pour votre entreprise.<\/p>\n<p>Nous offrons plusieurs services reli\u00e9 au r\u00e9f\u00e9rencement tel que:<\/p>\n<p>&#8211; l&#8217;analyse de votre positionnement actuel<br \/>\n&#8211; le SEO technique<br \/>\n&#8211; la production de contenu<\/p>\n<p>Laissons notre \u00e9quipe s&#8217;occuper du r\u00e9f\u00e9rencement de votre site web, afin que vous puissiez vous occuper de vos clients et de votre entreprise![\/vc_column_text][vc_btn title=&#8221;Analyse de votre site GRATUTITE&#8221; style=&#8221;flat&#8221; color=&#8221;primary&#8221; size=&#8221;lg&#8221; align=&#8221;left&#8221; i_align=&#8221;right&#8221; i_icon_fontawesome=&#8221;fas fa-long-arrow-alt-right&#8221; add_icon=&#8221;true&#8221; link=&#8221;url:%23sign-up&#8221; css=&#8221;.vc_custom_1669777885357{margin-top: 70px !important;}&#8221;][\/vc_column][vc_column css_animation=&#8221;fadeInRight&#8221; width=&#8221;1\/2&#8243;][vc_single_image image=&#8221;4478&#8243; img_size=&#8221;large&#8221; alignment=&#8221;center&#8221; image_hovers=&#8221;false&#8221; css=&#8221;.vc_custom_1667616190922{border-top-width: 1px !important;border-right-width: 1px !important;border-bottom-width: 1px !important;border-left-width: 1px !important;border-left-color: #e8e8e8 !important;border-left-style: solid !important;border-right-color: #e8e8e8 !important;border-right-style: solid !important;border-top-color: #e8e8e8 !important;border-top-style: solid !important;border-bottom-color: #e8e8e8 !important;border-bottom-style: solid !important;}&#8221;][\/vc_column][vc_column offset=&#8221;vc_hidden-lg vc_hidden-md&#8221;][vc_column_text]<\/p>\n<h2 style=\"text-align: center\">G\u00e9n\u00e9rez du trafic vers votre site Web, sans avoir \u00e0 tout le temps \u00e0 payer pour chaque clic !<\/h2>\n<p style=\"text-align: center\">Avec les autres formes de marketing num\u00e9rique tel que le marketing sur les moteurs de recherches, et le marketing sur les r\u00e9seaux sociaux, vous pouvez les d\u00e9marrer et les arr\u00eater \u00e0 votre gr\u00e9. Parcontre, le traffic que ces sources vous donnent cesse la seconde que vous arr\u00eatez vous arr\u00eater de payer aussi.<\/p>\n<p style=\"text-align: center\">Avec le r\u00e9f\u00e9rencement, aussi appel\u00e9 SEO, ou traffic organique, il n&#8217;y aucun co\u00fbt par clique ou par impression.<\/p>\n<p style=\"text-align: center\">En vous assurant de bien positioner votre site web et votre contenu, et l&#8217;optimiser pour le positionnement sur les moteurs de recherche, vous vous assurez une source de traffique durable et \u00e0 long terme pour votre entreprise.<\/p>\n<p style=\"text-align: center\">Nous offrons plusieurs services reli\u00e9 au r\u00e9f\u00e9rencement tel que:<\/p>\n<p style=\"text-align: center\">&#8211; l&#8217;analyse de votre positionnement actuel<br \/>\n&#8211; le SEO technique<br \/>\n&#8211; la production de contenu<\/p>\n<p style=\"text-align: center\">Laissons notre \u00e9quipe s&#8217;occuper du r\u00e9f\u00e9rencement de votre site web, afin que vous puissiez vous occuper de vos clients et de votre entreprise!<\/p>\n<p>[\/vc_column_text][vc_btn title=&#8221;Analyse de votre site GRATUTITE&#8221; style=&#8221;flat&#8221; color=&#8221;primary&#8221; size=&#8221;lg&#8221; align=&#8221;center&#8221; i_align=&#8221;right&#8221; i_icon_fontawesome=&#8221;fas fa-long-arrow-alt-right&#8221; add_icon=&#8221;true&#8221; link=&#8221;url:%23sign-up&#8221; css=&#8221;.vc_custom_1669777878236{margin-top: 70px !important;}&#8221;][\/vc_column][\/vc_row][vc_row full_width=&#8221;stretch_row&#8221; gap=&#8221;20&#8243; css=&#8221;.vc_custom_1663052216780{border-top-width: 0px !important;border-bottom-width: 0px !important;padding-top: 90px !important;padding-bottom: 90px !important;background-color: #f5f5f5 !important;border-top-color: #000000 !important;border-top-style: solid !important;border-bottom-color: #000000 !important;border-bottom-style: solid !important;}&#8221; el_class=&#8221;border-section&#8221;][vc_column]<div id=\"ultimate-heading-46269f5c18999d61\" class=\"uvc-heading ult-adjust-bottom-margin ultimate-heading-46269f5c18999d61 uvc-2943 \" data-hspacer=\"no_spacer\"  data-halign=\"center\" style=\"text-align:center\"><div class=\"uvc-heading-spacer no_spacer\" style=\"top\"><\/div><div class=\"uvc-main-heading ult-responsive\"  data-ultimate-target='.uvc-heading.ultimate-heading-46269f5c18999d61 h2'  data-responsive-json-new='{\"font-size\":\"desktop:90px;mobile_landscape:60px;\",\"line-height\":\"desktop:100px;mobile_landscape:70px;\"}' ><h2 style=\"font-weight:bold;color:rgba(59,63,74,0.12);margin-bottom:-45px;\">*SOYEZ PROGRESSIFS<\/h2><\/div><\/div><div id=\"ultimate-heading-964469f5c18999e4c\" class=\"uvc-heading ult-adjust-bottom-margin ultimate-heading-964469f5c18999e4c uvc-5496 \" data-hspacer=\"no_spacer\"  data-halign=\"center\" style=\"text-align:center\"><div class=\"uvc-heading-spacer no_spacer\" style=\"top\"><\/div><div class=\"uvc-main-heading ult-responsive\"  data-ultimate-target='.uvc-heading.ultimate-heading-964469f5c18999e4c h2'  data-responsive-json-new='{\"font-size\":\"desktop:38px;mobile_landscape:30px;\",\"line-height\":\"desktop:48px;mobile_landscape:40px;\"}' ><h2 style=\"font-weight:bold;margin-bottom:10px;\">+100 Compagnies \u00e0 travers le pays font confiance \u00e0 Progressive Web Solutions<\/h2><\/div><\/div>[vc_row_inner content_placement=&#8221;middle&#8221; gap=&#8221;10&#8243; css=&#8221;.vc_custom_1662614711467{margin-top: 25px !important;}&#8221;][vc_column_inner width=&#8221;1\/5&#8243; css=&#8221;.vc_custom_1666283213821{padding-top: 0px !important;}&#8221; offset=&#8221;vc_col-xs-6&#8243;][vc_single_image image=&#8221;4380&#8243; img_size=&#8221;large&#8221; alignment=&#8221;center&#8221; css=&#8221;.vc_custom_1666941967207{margin-bottom: 0px !important;}&#8221;][\/vc_column_inner][vc_column_inner width=&#8221;1\/5&#8243; css=&#8221;.vc_custom_1666283220629{padding-top: 0px !important;}&#8221; offset=&#8221;vc_col-xs-6&#8243;][vc_single_image image=&#8221;4382&#8243; img_size=&#8221;large&#8221; alignment=&#8221;center&#8221; css=&#8221;.vc_custom_1666941960382{margin-bottom: 0px !important;}&#8221;][\/vc_column_inner][vc_column_inner width=&#8221;1\/5&#8243; css=&#8221;.vc_custom_1666283240113{padding-top: 0px !important;}&#8221; offset=&#8221;vc_col-xs-6&#8243;][vc_single_image image=&#8221;4384&#8243; img_size=&#8221;large&#8221; alignment=&#8221;center&#8221; css=&#8221;.vc_custom_1666941937561{margin-bottom: 0px !important;}&#8221;][\/vc_column_inner][vc_column_inner width=&#8221;1\/5&#8243; css=&#8221;.vc_custom_1666283254141{padding-top: 0px !important;}&#8221; offset=&#8221;vc_col-xs-6&#8243;][vc_single_image image=&#8221;4386&#8243; img_size=&#8221;large&#8221; alignment=&#8221;center&#8221; css=&#8221;.vc_custom_1666941931911{margin-bottom: 0px !important;}&#8221;][\/vc_column_inner][vc_column_inner width=&#8221;1\/5&#8243; css=&#8221;.vc_custom_1666283261481{padding-top: 0px !important;}&#8221; offset=&#8221;vc_hidden-sm vc_hidden-xs&#8221;][vc_single_image image=&#8221;4388&#8243; img_size=&#8221;large&#8221; alignment=&#8221;center&#8221; css=&#8221;.vc_custom_1666941925209{margin-bottom: 0px !important;}&#8221;][\/vc_column_inner][\/vc_row_inner][vc_single_image image=&#8221;4390&#8243; img_size=&#8221;250&#215;74&#8243; alignment=&#8221;center&#8221;][\/vc_column][vc_column css_animation=&#8221;bounceInUp&#8221;][vc_btn title=&#8221;Moi aussi, allons-y!&#8221; style=&#8221;flat&#8221; color=&#8221;primary&#8221; size=&#8221;lg&#8221; align=&#8221;center&#8221; i_align=&#8221;right&#8221; i_icon_fontawesome=&#8221;fas fa-long-arrow-alt-right&#8221; add_icon=&#8221;true&#8221; link=&#8221;url:%23sign-up&#8221; css=&#8221;.vc_custom_1669777901207{margin-top: 0px !important;}&#8221;][\/vc_column][\/vc_row][vc_row full_width=&#8221;stretch_row&#8221; equal_height=&#8221;yes&#8221; content_placement=&#8221;top&#8221; el_id=&#8221;sign-up&#8221; css=&#8221;.vc_custom_1667617200703{padding-top: 75px !important;padding-bottom: 75px !important;background-color: #ffffff !important;}&#8221;][vc_column width=&#8221;1\/2&#8243;][vc_single_image image=&#8221;3565&#8243; img_size=&#8221;large&#8221; alignment=&#8221;center&#8221;][vc_column_text]<\/p>\n<h1 style=\"text-align: left\">Voyez ce que pensent <span style=\"color: #29b6f6\">nos clients<\/span> de Progressive Web Solutions<\/h1>\n<p>[\/vc_column_text][vc_column_text]<div class=\"wp-gr rpi wpac\" style=\"width:450px!important;height:500px!important;overflow-y:auto!important;margin:0 auto!important;\" data-id=\"4256\" data-layout=\"slider\" data-exec=\"false\" data-options='{&quot;text_size&quot;:&quot;150&quot;,&quot;trans&quot;:{&quot;read more&quot;:&quot;read more&quot;}}'><svg xmlns=\"http:\/\/www.w3.org\/2000\/svg\" style=\"display:none!important\"><symbol id=\"grw-tripadvisor\" viewBox=\"0 0 713.496 713.496\"><g><circle fill=\"#34E0A1\" cx=\"356.749\" cy=\"356.748\" r=\"356.748\"\/><path d=\"M577.095,287.152l43.049-46.836h-95.465c-47.792-32.646-105.51-51.659-167.931-51.659   c-62.342,0-119.899,19.054-167.612,51.659H93.432l43.049,46.836c-26.387,24.075-42.929,58.754-42.929,97.259   c0,72.665,58.914,131.578,131.579,131.578c34.519,0,65.968-13.313,89.446-35.077l42.172,45.919l42.172-45.879   c23.478,21.764,54.887,35.037,89.406,35.037c72.665,0,131.658-58.913,131.658-131.578   C620.024,345.866,603.483,311.188,577.095,287.152z M225.17,473.458c-49.188,0-89.047-39.859-89.047-89.047   s39.86-89.048,89.047-89.048c49.187,0,89.047,39.86,89.047,89.048S274.357,473.458,225.17,473.458z M356.788,381.82   c0-58.595-42.61-108.898-98.853-130.383c30.413-12.716,63.776-19.771,98.813-19.771s68.439,7.055,98.853,19.771   C399.399,272.962,356.788,323.226,356.788,381.82z M488.367,473.458c-49.188,0-89.048-39.859-89.048-89.047   s39.86-89.048,89.048-89.048s89.047,39.86,89.047,89.048S537.554,473.458,488.367,473.458z M488.367,337.694   c-25.79,0-46.677,20.887-46.677,46.677c0,25.789,20.887,46.676,46.677,46.676c25.789,0,46.676-20.887,46.676-46.676   C535.042,358.621,514.156,337.694,488.367,337.694z M271.846,384.411c0,25.789-20.887,46.676-46.676,46.676   s-46.676-20.887-46.676-46.676c0-25.79,20.887-46.677,46.676-46.677C250.959,337.694,271.846,358.621,271.846,384.411z\"\/><\/g><\/symbol><symbol id=\"grw-google\" viewBox=\"0 0 512 512\"><g fill=\"none\" fill-rule=\"evenodd\"><path d=\"M482.56 261.36c0-16.73-1.5-32.83-4.29-48.27H256v91.29h127.01c-5.47 29.5-22.1 54.49-47.09 71.23v59.21h76.27c44.63-41.09 70.37-101.59 70.37-173.46z\" fill=\"#4285f4\"\/><path d=\"M256 492c63.72 0 117.14-21.13 156.19-57.18l-76.27-59.21c-21.13 14.16-48.17 22.53-79.92 22.53-61.47 0-113.49-41.51-132.05-97.3H45.1v61.15c38.83 77.13 118.64 130.01 210.9 130.01z\" fill=\"#34a853\"\/><path d=\"M123.95 300.84c-4.72-14.16-7.4-29.29-7.4-44.84s2.68-30.68 7.4-44.84V150.01H45.1C29.12 181.87 20 217.92 20 256c0 38.08 9.12 74.13 25.1 105.99l78.85-61.15z\" fill=\"#fbbc05\"\/><path d=\"M256 113.86c34.65 0 65.76 11.91 90.22 35.29l67.69-67.69C373.03 43.39 319.61 20 256 20c-92.25 0-172.07 52.89-210.9 130.01l78.85 61.15c18.56-55.78 70.59-97.3 132.05-97.3z\" fill=\"#ea4335\"\/><path d=\"M20 20h472v472H20V20z\"\/><\/g><\/symbol><\/svg><div class=\"grw-row grw-row-m\" data-options='{\"speed\":3,\"autoplay\":true,\"mousestop\":true,\"breakpoints\":\"\"}'><div class=\"grw-header\"><div class=\"grw-header-inner rpi-flx rpi-row12\"><div class=\"grw-img-wrap\"><img decoding=\"async\" class=\"grw-img\" src=\"\" loading=\"lazy\" alt=\" place picture\" width=\"50\" height=\"50\" onerror=\"if(this.src!='data:image\/gif;base64,R0lGODlhAQABAIAAAAAAAP\/\/\/yH5BAEAAAAALAAAAAABAAEAAAIBRAA7')this.src='data:image\/gif;base64,R0lGODlhAQABAIAAAAAAAP\/\/\/yH5BAEAAAAALAAAAAABAAEAAAIBRAA7';\" ><\/div><div class=\"rpi-flx rpi-col8\"><div class=\"wp-google-name\"><a href=\"\" target=\"_blank\" rel=\"nofollow noopener\"><\/a><\/div><span class=\"rpi-stars\" style=\"--rating:\"><\/span><div class=\"wp-google-powered\">powered by <span><span style=\"color:#3c6df0!important\">G<\/span><span style=\"color:#d93025!important\">o<\/span><span style=\"color:#fb8e28!important\">o<\/span><span style=\"color:#3c6df0!important\">g<\/span><span style=\"color:#188038!important\">l<\/span><span style=\"color:#d93025!important\">e<\/span><\/span><\/div><div class=\"wp-google-wr\"><a href=\"https:\/\/search.google.com\/local\/writereview?placeid=\" target=\"_blank\" rel=\"nofollow noopener\" onclick=\"return rplg_leave_review_window.call(this)\">review us on<svg height=\"16\" width=\"16\" role=\"none\"><use href=\"#grw-google\"><\/use><\/svg><\/a><\/div><\/div><\/div><\/div><\/div><script>(function(p){if(!p)return;let w=p.offsetWidth,m=function(a,b){return Math.min(a,b)===a};p.querySelector('.grw-row').classList.replace('grw-row-m','grw-row-'+(m(w,510)?'xs':m(w,750)?'x':m(w,1100)?'s':m(w,1450)?'m':m(w,1800)?'l':'xl'))})(document.currentScript?.parentElement)<\/script><\/div>[\/vc_column_text][\/vc_column][vc_column width=&#8221;1\/2&#8243; css=&#8221;.vc_custom_1569700810297{padding-top: 50px !important;padding-right: 50px !important;padding-bottom: 50px !important;padding-left: 50px !important;}&#8221;][vc_column_text]<\/p>\n<h2>Obtenez une analyse <span style=\"color: #29b6f6\">GRATUITE<\/span> du r\u00e9f\u00e9rencement de votre site web!<\/h2>\n<p>[\/vc_column_text]<!DOCTYPE html><html><head><meta charset='UTF-8' \/><\/head><body class='GF_AJAX_POSTBACK'><p class=\"gform_not_found\">Oops! We could not locate your form.<\/p><\/body><\/html>[\/vc_column][\/vc_row]<\/p>\n<\/div>","protected":false},"excerpt":{"rendered":"<p>[vc_row gap=&#8221;35&#8243; equal_height=&#8221;yes&#8221; content_placement=&#8221;middle&#8221;][vc_column css_animation=&#8221;fadeInLeft&#8221; width=&#8221;5\/12&#8243; offset=&#8221;vc_hidden-sm vc_hidden-xs&#8221;][vc_single_image image=&#8221;4472&#8243; img_size=&#8221;large&#8221;][\/vc_column][vc_column css_animation=&#8221;fadeInRight&#8221; width=&#8221;7\/12&#8243; offset=&#8221;vc_hidden-sm vc_hidden-xs&#8221;][vc_column_text css=&#8221;.vc_custom_1668236107654{margin-bottom: 30px !important;}&#8221;] Agence de r\u00e9f\u00e9rencement Web (SEO) \u00e0 Montr\u00e9al Plus de 10 ans d&#8217;exp\u00e9rience dans la g\u00e9n\u00e9ration de trafic via Google pour des entreprises \u00e0 Montr\u00e9al et partout au Canada ! [\/vc_column_text][vc_column_text css=&#8221;.vc_custom_1668236748984{margin-bottom: 15px !important;}&#8221;]Vous d\u00e9sirez optimiser votre site Web&hellip;<\/p>\n","protected":false},"author":1,"featured_media":0,"parent":2827,"menu_order":0,"comment_status":"closed","ping_status":"closed","template":"","meta":{"_monsterinsights_skip_tracking":false,"_monsterinsights_sitenote_active":false,"_monsterinsights_sitenote_note":"","_monsterinsights_sitenote_category":0,"footnotes":""},"class_list":["post-4468","page","type-page","status-publish","hentry","description-off"],"yoast_head":"<!-- This site is optimized with the Yoast SEO plugin v27.5 - https:\/\/yoast.com\/product\/yoast-seo-wordpress\/ -->\n<title>R\u00e9f\u00e9rencement Web (SEO) - Progressive Web Solutions | Web Design | Montreal, Quebec<\/title>\n<meta name=\"description\" content=\"Nous construisons des sites Web incroyables \u00e0 prix imbattables! Avec plus de 10 ans d&#039;exp\u00e9rience dans le domaine, nous sommes le partenaire dpour votre projet!\" \/>\n<meta name=\"robots\" content=\"index, follow, max-snippet:-1, max-image-preview:large, max-video-preview:-1\" \/>\n<link rel=\"canonical\" href=\"https:\/\/progressivewp.solutions\/progressivewebsolutions\/services\/referencement-web-seo\/\" \/>\n<meta property=\"og:locale\" content=\"en_US\" \/>\n<meta property=\"og:type\" content=\"article\" \/>\n<meta property=\"og:title\" content=\"R\u00e9f\u00e9rencement Web (SEO) - Progressive Web Solutions | Web Design | Montreal, Quebec\" \/>\n<meta property=\"og:description\" content=\"Nous construisons des sites Web incroyables \u00e0 prix imbattables! Avec plus de 10 ans d&#039;exp\u00e9rience dans le domaine, nous sommes le partenaire dpour votre projet!\" \/>\n<meta property=\"og:url\" content=\"https:\/\/progressivewp.solutions\/progressivewebsolutions\/services\/referencement-web-seo\/\" \/>\n<meta property=\"og:site_name\" content=\"Progressive Web Solutions | Web Design | Montreal, Quebec\" \/>\n<meta name=\"twitter:card\" content=\"summary_large_image\" \/>\n<meta name=\"twitter:label1\" content=\"Est. reading time\" \/>\n\t<meta name=\"twitter:data1\" content=\"7 minutes\" \/>\n<script type=\"application\/ld+json\" class=\"yoast-schema-graph\">{\"@context\":\"https:\\\/\\\/schema.org\",\"@graph\":[{\"@type\":\"WebPage\",\"@id\":\"https:\\\/\\\/progressivewp.solutions\\\/progressivewebsolutions\\\/services\\\/referencement-web-seo\\\/\",\"url\":\"https:\\\/\\\/progressivewp.solutions\\\/progressivewebsolutions\\\/services\\\/referencement-web-seo\\\/\",\"name\":\"R\u00e9f\u00e9rencement Web (SEO) - Progressive Web Solutions | Web Design | Montreal, Quebec\",\"isPartOf\":{\"@id\":\"https:\\\/\\\/progressivewp.solutions\\\/progressivewebsolutions\\\/en\\\/#website\"},\"datePublished\":\"2022-11-30T03:07:04+00:00\",\"description\":\"Nous construisons des sites Web incroyables \u00e0 prix imbattables! Avec plus de 10 ans d'exp\u00e9rience dans le domaine, nous sommes le partenaire dpour votre projet!\",\"breadcrumb\":{\"@id\":\"https:\\\/\\\/progressivewp.solutions\\\/progressivewebsolutions\\\/services\\\/referencement-web-seo\\\/#breadcrumb\"},\"inLanguage\":\"en-US\",\"potentialAction\":[{\"@type\":\"ReadAction\",\"target\":[\"https:\\\/\\\/progressivewp.solutions\\\/progressivewebsolutions\\\/services\\\/referencement-web-seo\\\/\"]}]},{\"@type\":\"BreadcrumbList\",\"@id\":\"https:\\\/\\\/progressivewp.solutions\\\/progressivewebsolutions\\\/services\\\/referencement-web-seo\\\/#breadcrumb\",\"itemListElement\":[{\"@type\":\"ListItem\",\"position\":1,\"name\":\"Home\",\"item\":\"https:\\\/\\\/progressivewp.solutions\\\/progressivewebsolutions\\\/\"},{\"@type\":\"ListItem\",\"position\":2,\"name\":\"Services\",\"item\":\"https:\\\/\\\/progressivewp.solutions\\\/progressivewebsolutions\\\/services\\\/\"},{\"@type\":\"ListItem\",\"position\":3,\"name\":\"R\u00e9f\u00e9rencement Web (SEO)\"}]},{\"@type\":\"WebSite\",\"@id\":\"https:\\\/\\\/progressivewp.solutions\\\/progressivewebsolutions\\\/en\\\/#website\",\"url\":\"https:\\\/\\\/progressivewp.solutions\\\/progressivewebsolutions\\\/en\\\/\",\"name\":\"Progressive Web Solutions | Web Design | Montreal, Quebec\",\"description\":\"\",\"potentialAction\":[{\"@type\":\"SearchAction\",\"target\":{\"@type\":\"EntryPoint\",\"urlTemplate\":\"https:\\\/\\\/progressivewp.solutions\\\/progressivewebsolutions\\\/en\\\/?s={search_term_string}\"},\"query-input\":{\"@type\":\"PropertyValueSpecification\",\"valueRequired\":true,\"valueName\":\"search_term_string\"}}],\"inLanguage\":\"en-US\"}]}<\/script>\n<!-- \/ Yoast SEO plugin. -->","yoast_head_json":{"title":"R\u00e9f\u00e9rencement Web (SEO) - Progressive Web Solutions | Web Design | Montreal, Quebec","description":"Nous construisons des sites Web incroyables \u00e0 prix imbattables! Avec plus de 10 ans d'exp\u00e9rience dans le domaine, nous sommes le partenaire dpour votre projet!","robots":{"index":"index","follow":"follow","max-snippet":"max-snippet:-1","max-image-preview":"max-image-preview:large","max-video-preview":"max-video-preview:-1"},"canonical":"https:\/\/progressivewp.solutions\/progressivewebsolutions\/services\/referencement-web-seo\/","og_locale":"en_US","og_type":"article","og_title":"R\u00e9f\u00e9rencement Web (SEO) - Progressive Web Solutions | Web Design | Montreal, Quebec","og_description":"Nous construisons des sites Web incroyables \u00e0 prix imbattables! Avec plus de 10 ans d'exp\u00e9rience dans le domaine, nous sommes le partenaire dpour votre projet!","og_url":"https:\/\/progressivewp.solutions\/progressivewebsolutions\/services\/referencement-web-seo\/","og_site_name":"Progressive Web Solutions | Web Design | Montreal, Quebec","twitter_card":"summary_large_image","twitter_misc":{"Est. reading time":"7 minutes"},"schema":{"@context":"https:\/\/schema.org","@graph":[{"@type":"WebPage","@id":"https:\/\/progressivewp.solutions\/progressivewebsolutions\/services\/referencement-web-seo\/","url":"https:\/\/progressivewp.solutions\/progressivewebsolutions\/services\/referencement-web-seo\/","name":"R\u00e9f\u00e9rencement Web (SEO) - Progressive Web Solutions | Web Design | Montreal, Quebec","isPartOf":{"@id":"https:\/\/progressivewp.solutions\/progressivewebsolutions\/en\/#website"},"datePublished":"2022-11-30T03:07:04+00:00","description":"Nous construisons des sites Web incroyables \u00e0 prix imbattables! Avec plus de 10 ans d'exp\u00e9rience dans le domaine, nous sommes le partenaire dpour votre projet!","breadcrumb":{"@id":"https:\/\/progressivewp.solutions\/progressivewebsolutions\/services\/referencement-web-seo\/#breadcrumb"},"inLanguage":"en-US","potentialAction":[{"@type":"ReadAction","target":["https:\/\/progressivewp.solutions\/progressivewebsolutions\/services\/referencement-web-seo\/"]}]},{"@type":"BreadcrumbList","@id":"https:\/\/progressivewp.solutions\/progressivewebsolutions\/services\/referencement-web-seo\/#breadcrumb","itemListElement":[{"@type":"ListItem","position":1,"name":"Home","item":"https:\/\/progressivewp.solutions\/progressivewebsolutions\/"},{"@type":"ListItem","position":2,"name":"Services","item":"https:\/\/progressivewp.solutions\/progressivewebsolutions\/services\/"},{"@type":"ListItem","position":3,"name":"R\u00e9f\u00e9rencement Web (SEO)"}]},{"@type":"WebSite","@id":"https:\/\/progressivewp.solutions\/progressivewebsolutions\/en\/#website","url":"https:\/\/progressivewp.solutions\/progressivewebsolutions\/en\/","name":"Progressive Web Solutions | Web Design | Montreal, Quebec","description":"","potentialAction":[{"@type":"SearchAction","target":{"@type":"EntryPoint","urlTemplate":"https:\/\/progressivewp.solutions\/progressivewebsolutions\/en\/?s={search_term_string}"},"query-input":{"@type":"PropertyValueSpecification","valueRequired":true,"valueName":"search_term_string"}}],"inLanguage":"en-US"}]}},"_links":{"self":[{"href":"https:\/\/progressivewp.solutions\/progressivewebsolutions\/wp-json\/wp\/v2\/pages\/4468","targetHints":{"allow":["GET"]}}],"collection":[{"href":"https:\/\/progressivewp.solutions\/progressivewebsolutions\/wp-json\/wp\/v2\/pages"}],"about":[{"href":"https:\/\/progressivewp.solutions\/progressivewebsolutions\/wp-json\/wp\/v2\/types\/page"}],"author":[{"embeddable":true,"href":"https:\/\/progressivewp.solutions\/progressivewebsolutions\/wp-json\/wp\/v2\/users\/1"}],"replies":[{"embeddable":true,"href":"https:\/\/progressivewp.solutions\/progressivewebsolutions\/wp-json\/wp\/v2\/comments?post=4468"}],"version-history":[{"count":0,"href":"https:\/\/progressivewp.solutions\/progressivewebsolutions\/wp-json\/wp\/v2\/pages\/4468\/revisions"}],"up":[{"embeddable":true,"href":"https:\/\/progressivewp.solutions\/progressivewebsolutions\/wp-json\/wp\/v2\/pages\/2827"}],"wp:attachment":[{"href":"https:\/\/progressivewp.solutions\/progressivewebsolutions\/wp-json\/wp\/v2\/media?parent=4468"}],"curies":[{"name":"wp","href":"https:\/\/api.w.org\/{rel}","templated":true}]}}